{"id":90,"date":"2021-09-21T18:25:24","date_gmt":"2021-09-21T18:25:24","guid":{"rendered":"https:\/\/nokiaopen.com\/?page_id=90"},"modified":"2024-05-27T09:21:07","modified_gmt":"2024-05-27T09:21:07","slug":"nokia-open-prices","status":"publish","type":"page","link":"https:\/\/nokiaopen.com\/index.php\/nokia-open-prices\/","title":{"rendered":"PRICES"},"content":{"rendered":"\n<p>2024 winners and price money<\/p>\n\n\n\n<p>MPO<\/p>\n\n\n\n<figure class=\"wp-block-table\"><table><tbody><tr><th>Place<\/th><th>Name<\/th><th>Prize<\/th><\/tr><tr><td>1st<\/td><td>Lauri H\u00e4m\u00e4l\u00e4inen<\/td><td>\u20ac 1,905<\/td><\/tr><tr><td>2nd<\/td><td>Daniel Davidsson<\/td><td>\u20ac 1,130<\/td><\/tr><tr><td>2nd<\/td><td>Eetu Tuominen<\/td><td>\u20ac 1,130<\/td><\/tr><tr><td>4th<\/td><td>Lauri Lehtinen<\/td><td>\u20ac 785<\/td><\/tr><tr><td>4th<\/td><td>Arttu Aaltonen<\/td><td>\u20ac 785<\/td><\/tr><tr><td>6th<\/td><td>Severi Saviniemi<\/td><td>\u20ac 660<\/td><\/tr><tr><td>7th<\/td><td>Matias Kalaoja<\/td><td>\u20ac 580<\/td><\/tr><tr><td>7th<\/td><td>Justus Sarvi<\/td><td>\u20ac 580<\/td><\/tr><tr><td>9th<\/td><td>Roland K\u00f5ur<\/td><td>\u20ac 500<\/td><\/tr><tr><td>9th<\/td><td>Valtteri Rouhe<\/td><td>\u20ac 500<\/td><\/tr><tr><td>11th<\/td><td>Nikola Arkko<\/td><td>\u20ac 460<\/td><\/tr><tr><td>12th<\/td><td>Aapo Karhi<\/td><td>\u20ac 415<\/td><\/tr><tr><td>12th<\/td><td>Leevi Isotalo<\/td><td>\u20ac 415<\/td><\/tr><tr><td>12th<\/td><td>Miio H\u00e4m\u00e4l\u00e4inen<\/td><td>\u20ac 415<\/td><\/tr><tr><td>15th<\/td><td>Kimi Hakkarainen<\/td><td>\u20ac 365<\/td><\/tr><tr><td>15th<\/td><td>Antti Turpeinen<\/td><td>\u20ac 365<\/td><\/tr><tr><td>15th<\/td><td>Joni Peltonen<\/td><td>\u20ac 365<\/td><\/tr><tr><td>18th<\/td><td>Jani Kleemola<\/td><td>\u20ac 330<\/td><\/tr><tr><td>18th<\/td><td>Joonas Aalto<\/td><td>\u20ac 330<\/td><\/tr><tr><td>18th<\/td><td>Onni Arminen<\/td><td>\u20ac 330<\/td><\/tr><tr><td>18th<\/td><td>Oiva P\u00e4iv\u00e4nsalo<\/td><td>\u20ac 330<\/td><\/tr><tr><td>22nd<\/td><td>Petri Hynn\u00e4<\/td><td>\u20ac 305<\/td><\/tr><tr><td>23rd<\/td><td>Teemu Talikainen<\/td><td>\u20ac 280<\/td><\/tr><tr><td>23rd<\/td><td>Sampo Riekki<\/td><td>\u20ac 280<\/td><\/tr><tr><td>23rd<\/td><td>Aleksi Karvinen<\/td><td>\u20ac 280<\/td><\/tr><tr><td>23rd<\/td><td>Niko Kinnunen<\/td><td>\u20ac 280<\/td><\/tr><tr><td>23rd<\/td><td>Otso Malkam\u00e4ki<\/td><td>\u20ac 280<\/td><\/tr><tr><td>28th<\/td><td>Nicolai Michaelsen<\/td><td>\u20ac 260<\/td><\/tr><tr><td>28th<\/td><td>Taavi Suutari<\/td><td>\u20ac 260<\/td><\/tr><tr><td>28th<\/td><td>Rasmus Lampela<\/td><td>\u20ac 260<\/td><\/tr><tr><td>31st<\/td><td>Keiro J\u00f5gisalu<\/td><td>\u20ac 240<\/td><\/tr><tr><td>31st<\/td><td>Rasmus Saukkoriipi<\/td><td>\u20ac 240<\/td><\/tr><tr><td>31st<\/td><td>Niko Kiiskinen<\/td><td>\u20ac 240<\/td><\/tr><tr><td>31st<\/td><td>Aleksi Silanter\u00e4<\/td><td>\u20ac 240<\/td><\/tr><tr><td>31st<\/td><td>Riku Gr\u00f6hn<\/td><td>\u20ac 240<\/td><\/tr><tr><td>36th<\/td><td>Oskari Vikstr\u00f6m<\/td><td>\u20ac 220<\/td><\/tr><tr><td>36th<\/td><td>Matti Alho<\/td><td>\u20ac 220<\/td><\/tr><tr><td>36th<\/td><td>Otto M\u00e4kinen<\/td><td>\u20ac 220<\/td><\/tr><tr><td>36th<\/td><td>Mikael Harainen<\/td><td>\u20ac 220<\/td><\/tr><tr><td>36th<\/td><td>Matias M\u00e4ntysaari<\/td><td>\u20ac 220<\/td><\/tr><tr><td>36th<\/td><td>Iivari Raittinen<\/td><td>\u20ac 220<\/td><\/tr><tr><td>42nd<\/td><td>Samuel Stenman<\/td><td>\u20ac 200<\/td><\/tr><tr><td>42nd<\/td><td>Samuel H\u00e4nninen<\/td><td>\u20ac 200<\/td><\/tr><tr><td>42nd<\/td><td>Eemil Lampela<\/td><td>\u20ac 200<\/td><\/tr><tr><td>42nd<\/td><td>Bj\u00f6rn Marrandi<\/td><td>\u20ac 200<\/td><\/tr><\/tbody><\/table><\/figure>\n\n\n\n<p>FPO<\/p>\n\n\n\n<figure class=\"wp-block-table\"><table><tbody><tr><td>1st<\/td><td>Olivia Kindstedt<\/td><td>\u20ac 665<\/td><\/tr><tr><td>2nd<\/td><td>Netta Lepp\u00e4aho<\/td><td>\u20ac 455<\/td><\/tr><tr><td>3rd<\/td><td>Adara Frenckell<\/td><td>\u20ac 315<\/td><\/tr><tr><td>4th<\/td><td>Jenni Engstr\u00f6m<\/td><td>\u20ac 230<\/td><\/tr><tr><td>5th<\/td><td>Maarja Soasepp<\/td><td>\u20ac 180<\/td><\/tr><\/tbody><\/table><\/figure>\n","protected":false},"excerpt":{"rendered":"<p>2024 winners and price money MPO Place Name Prize 1st Lauri H\u00e4m\u00e4l\u00e4inen \u20ac 1,905 2nd Daniel Davidsson \u20ac 1,130 2nd Eetu Tuominen \u20ac 1,130 4th Lauri Lehtinen \u20ac 785 4th Arttu Aaltonen \u20ac 785 6th Severi Saviniemi \u20ac 660 7th Matias Kalaoja \u20ac 580 7th Justus Sarvi \u20ac 580 9th Roland K\u00f5ur \u20ac 500 9th [&hellip;]<\/p>\n","protected":false},"author":1,"featured_media":0,"parent":0,"menu_order":0,"comment_status":"closed","ping_status":"closed","template":"","meta":{"footnotes":""},"class_list":["post-90","page","type-page","status-publish","hentry"],"_links":{"self":[{"href":"https:\/\/nokiaopen.com\/index.php\/wp-json\/wp\/v2\/pages\/90","targetHints":{"allow":["GET"]}}],"collection":[{"href":"https:\/\/nokiaopen.com\/index.php\/wp-json\/wp\/v2\/pages"}],"about":[{"href":"https:\/\/nokiaopen.com\/index.php\/wp-json\/wp\/v2\/types\/page"}],"author":[{"embeddable":true,"href":"https:\/\/nokiaopen.com\/index.php\/wp-json\/wp\/v2\/users\/1"}],"replies":[{"embeddable":true,"href":"https:\/\/nokiaopen.com\/index.php\/wp-json\/wp\/v2\/comments?post=90"}],"version-history":[{"count":8,"href":"https:\/\/nokiaopen.com\/index.php\/wp-json\/wp\/v2\/pages\/90\/revisions"}],"predecessor-version":[{"id":190,"href":"https:\/\/nokiaopen.com\/index.php\/wp-json\/wp\/v2\/pages\/90\/revisions\/190"}],"wp:attachment":[{"href":"https:\/\/nokiaopen.com\/index.php\/wp-json\/wp\/v2\/media?parent=90"}],"curies":[{"name":"wp","href":"https:\/\/api.w.org\/{rel}","templated":true}]}}